).
-8
Let z(l) = l**2 - 238*l + 9017. Give z(50).
-383
Let i(l) = -2*l**3 - 87*l**2 + 29*l - 341. What is i(-44)?
319
Let s(z) = -410*z + 10370. Give s(26).
-290
Let b(s) = -10*s**2 - 335*s - 125. Give b(-45).
-5300
Let i(j) = 2*j**3 + 6*j**2 + 354*j + 2746. Determine i(-8).
-726
Let r(d) = -150171*d + 1952141. Calculate r(13).
-82
Let v(w) = -9648*w + 617449. Give v(64).
-23
Let p(g) = g**3 + 7*g**2 - 239*g + 128. What is p(-20)?
-292
Let r(s) = 4471*s - 8720. Give r(2).
222
Let z(p) = 3*p**3 + 3*p**2 + 37*p - 182. Give z(6).
796
Let b(v) = -590*v + 524. Determine b(0).
524
Let r(t) = t**2 - 6993*t - 30461115. Give r(-3037).
-5
Let l(n) = 700*n - 2924. Give l(4).
-124
Let w(b) = -b**3 - 10*b**2 + 769*b + 6251. Give w(-8).
-29
Let x(i) = 114*i**2 - 26*i - 135. What is x(-1)?
5
Let a(o) = 17*o**3 - 9*o**2 - 85*o + 95. Give a(1).
18
Let k(s) = -268*s - 118483. Calculate k(-439).
-831
Let k(w) = 4*w**2 - 2651*w - 23844. Determine k(-9).
339
Let w(m) = m**3 + 15*m**2 - 7*m - 53. Calculate w(-15).
52
Let g(t) = -t**2 - 10496*t - 125766. What is g(-12)?
42
Let y(t) = -620*t + 4764. Give y(9).
-816
Let y(n) = -n**3 - 2248*n**2 - 1218016*n - 8193. Give y(-911).
6
Let s(d) = -3*d**3 - 33*d**2 - 124*d - 1614. Give s(-12).
306
Let v(t) = 2*t**3 + 97*t**2 - 167*t - 787. Give v(-50).
63
Let s(w) = 2*w**2 - 20531*w + 82096. Give s(4).
4
Let m(n) = -6*n**2 - 84*n - 334. Calculate m(-21).
-1216
Let y(f) = f**3 + 27*f**2 + 14210*f + 56463. Give y(-4).
-9
Let r(v) = -12446*v - 49787. What is r(-4)?
-3
Let f(w) = 16*w**2 + 13675*w - 41177. Determine f(3).
-8
Let j(c) = 2*c**3 - 69*c**2 - 106*c + 3134. Give j(34).
-1626
Let c(s) = -s**3 - 720*s**2 - 33490*s + 6716. Determine c(-670).
16
Let x(t) = -3*t**2 - 698*t + 333. Give x(-233).
100
Let d(k) = -5*k**3 + 35*k**2 - 1129*k - 1165. Give d(-1).
4
Let n(m) = -m**2 - 1260*m - 116. What is n(0)?
-116
Let t(n) = n**3 - 109*n**2 + 1614*n + 686. What is t(91)?
-1498
Let y(l) = 4*l**3 - 168*l**2 - 1128*l + 60. What is y(-6)?
-84
Let t(h) = 1360*h - 132997. Calculate t(99).
1643
Let s(g) = 2*g**2 - 105*g - 1727. Calculate s(-12).
-179
Let x(y) = 126*y + 1279. Determine x(-16).
-737
Let t(o) = -o**3 + 115*o**2 - 2851*o - 354. What is t(79)?
-907
Let z(l) = -2*l**2 - 421001*l - 1683972. Determine z(-4).
0
Let t(a) = -a**3 - 26*a**2 - 137*a - 9. What is t(-20)?
331
Let d(c) = c**2 - 5119*c - 61440. Give d(-12).
132
Let t(s) = 2541*s + 36555. Calculate t(-15).
-1560
Let o(a) = -207*a + 33774. Determine o(160).
654
Let q(p) = -3*p**3 - 2999*p**2 + 3996*p - 8013. Calculate q(-1001).
-5
Let g(f) = 2241*f**2 + 407872*f + 1807. Calculate g(-182).
-13
Let l(h) = -h**3 + 2*h**2 - 29*h + 34. Determine l(-9).
1186
Let x(u) = 3*u**2 + 5393*u - 1859171. Give x(296).
5
Let y(a) = a**2 + 262*a - 5291. Determine y(21).
652
Let v(q) = q**3 - 31*q**2 + 492*q - 5398. Calculate v(20).
42
Let q(r) = 3*r**3 - 4*r**2 - 18*r + 14. Give q(0).
14
Let d(c) = -100788*c + 705663. What is d(7)?
147
Let i(m) = 3*m**2 + 209*m - 2362. Determine i(-82).
672
Let a(j) = -2*j**3 - 89*j**2 - 334*j + 17. What is a(-4)?
57
Let o(n) = -5*n**3 + 9*n**2 - 389*n + 1027. Determine o(3).
-194
Let q(y) = 872*y - 17633. Determine q(17).
-2809
Let u(n) = -54*n**2 - 963*n + 81. Give u(-16).
1665
Let t(w) = -1076*w + 8600. Give t(8).
-8
Let d(f) = -f**2 + 60*f + 66204. What is d(-229)?
23
Let f(g) = 2*g**3 + 23*g**2 - 16*g - 22. Give f(-13).
-321
Let i(c) = -3501*c - 77030. Give i(-22).
-8
Let b(c) = 18521*c + 92606. Give b(-5).
1
Let g(n) = 3*n**2 - 3185*n + 60392. Give g(19).
960
Let m(r) = r**3 - 20*r**2 - 114*r + 2839. Determine m(15).
4
Let d(k) = 191*k - 754. Give d(-7).
-2091
Let v(h) = 4*h**2 + 87*h + 6. Give v(-29).
847
Let x(b) = b**2 - 237*b + 11730. Determine x(194).
3388
Let w(p) = p**3 + 126*p**2 - 1076*p - 710. Calculate w(-134).
-174
Let d(t) = -52*t**2 + 514*t + 61. Give d(10).
1
Let b(u) = -2*u**3 - 2*u**2 + 270*u - 269. Calculate b(1).
-3
Let c(j) = -5*j**3 - 2*j**2 + 470*j + 1841. What is c(-4)?
249
Let c(j) = -776*j - 18005. Calculate c(-23).
-157
Let q(b) = 1422*b - 6937. Give q(5).
173
Let c(v) = -661*v - 4472. Give c(-7).
155
Let x(g) = -g**3 - 322*g**2 - 6017*g + 12815. Give x(-22).
-11
Let w(g) = -7048*g**3 - 6899*g + 6900. Determine w(1).
-7047
Let p(u) = -110*u**2 - 504*u + 166. Give p(-5).
-64
Let t(l) = l**2 + 58*l - 619. Give t(-67).
-16
Let o(r) = r**3 - 16*r**2 + 1586*r - 9152. Calculate o(6).
4
Let x(s) = -s**3 + 6*s**2 + 1472*s - 1678. What is x(41)?
-161
Let n(c) = -c**3 - 31*c**2 + 95*c + 6303. What is n(-24)?
-9
Let f(a) = -39*a**2 - 14436*a - 2209. What is f(-370)?
11
Let a(c) = -5*c**3 - 10*c**2 + 10*c - 30. Give a(-3).
-15
Let j(u) = 4*u**3 + 4*u**2 - 21*u + 14. Determine j(-5).
-281
Let s(i) = 240*i + 194. What is s(-1)?
-46
Let c(t) = 833*t - 71628. Determine c(86).
10
Let x(i) = 204*i**2 + 1228*i + 9. Give x(-6).
-15
Let i(t) = 3932*t + 1057710. Determine i(-269).
2
Let w(f) = 9*f**2 + 67*f + 343. Determine w(-12).
835
Let m(x) = 17*x**2 - 14*x + 16. What is m(3)?
127
Let j(m) = -m**2 + 1722*m + 86777. What is j(-49)?
-2
Let m(p) = 945*p + 5681. Give m(-6).
11
Let j(v) = -3*v**3 - 89*v**2 - 407*v + 100. Give j(-24).
76
Let w(h) = 2*h**3 - 41*h**2 + 333*h - 947. What is w(7)?
61
Let b(h) = -h**3 - 3*h**2 - 37*h - 11. Calculate b(0).
-11
Let f(c) = 3*c**2 + 395*c + 12759. Calculate f(-73).
-89
Let o(l) = 1316*l - 35773. What is o(27)?
-241
Let b(i) = 1240*i + 169952. What is b(-137)?
72
Let a(r) = r**3 + 192*r**2 - 433*r + 88. Give a(2).
-2
Let o(b) = -2*b**2 - 2215*b + 11057. Calculate o(5).
-68
Let h(k) = 40*k + 2104. Calculate h(-55).
-96
Let y(k) = -k**3 + 107*k**2 - 336*k + 13147. What is y(105)?
-83
Let v(f) = 1047*f + 14631. Give v(-14).
-27
Let g(o) = -2*o**3 + 76*o**2 + 998*o - 1834. What is g(48)?
-10
Let s(a) = -19*a**3 - a**2 + 121*a + 263. Give s(-2).
169
Let p(n) = 246*n**2 - 6639*n + 42. Calculate p(27).
123
Let x(b) = -14*b**3 - 130*b**2 - 40*b + 5. Determine x(-9).
41
Let o(s) = 29586*s - 3579883. Determine o(121).
23
Let v(n) = 2*n**2 + 761*n - 8814. Give v(12).
606
Let c(t) = -t**2 - 20150*t + 524573. Give c(26).
-3
Let k(t) = -715*t + 2989. Give k(4).
129
Let j(g) = g**3 + 471*g**2 - 95470*g - 293. Give j(153).
13
Let b(p) = -5*p**3 - 1249*p**2 + 212*p - 9528. Give b(-250).
-28
Let l(k) = 1668*k + 175108. Give l(-105).
-32
Let r(n) = -521*n**3 + 8*n**2 + 16*n + 8. Determine r(-1).
521
Let j(l) = l**3 + 61*l**2 - 288*l - 9953. Determine j(-63).
253
Let i(j) = 273*j + 19727. Calculate i(-72).
71
Let n(x) = -x**2 + 85*x + 20297. Determine n(191).
51
Let i(d) = d**2 + 535*d + 8775. Give i(-17).
-31
Let b(z) = -75*z + 4234. Calculate b(59).
-191
Let h(c) = -c**3 - 26*c**2 + 836*c + 21498. Determine h(-25).
-27
Let s(o) = -6*o**3 + o**2 + 7*o + 1. Calculate s(-2).
39
Let r(u) = -1273*u + 26739. Give r(21).
6
Let h(g) = -2649*g - 16325. What is h(-6)?
-431
Let j(r) = 12*r**2 + 1270*r - 722902. What is j(-304)?
10
Let r(j) = -179104*j + 3940286. Calculate r(22).
-2
Let d(l) = -6*l**3 - 11*l**2 - 87*l - 184. What is d(-2)?
-6
Let x(k) = -2*k**3 - 222*k**2 - 217*k + 277. Determine x(-110).
-53
Let z(r) = r**3 - 617*r**2 + 33024*r - 56923. Determine z(558).
-7
Let p(m) = 835*m - 19247. What is p(23)?
-42
Let u(a) = -2*a**3 - 135*a**2 - 218*a + 40. Determine u(-66).
1360
Let r(k) = k**3 + 25*k**2 + 1190*k + 4378. Give r(-4).
-46
Let r(f) = 155*f + 2215. Calculate r(-8).
975
Let r(l) = 141*l**2 - 3173*l - 79. Calculate r(23).
1531
Let p(c) = -c**2 - 5152*c + 36122. What is p(7)?
9
Let v(i) = -3*i**3 - 776*i**2 - 3860*i + 5. What is v(-5)?
280
Let v(x) = 6010*x + 528671. Determine v(-88).
-209
Let n(a) = -a**2 + 15*a + 9304. Calculate n(-98).
-1770
Let k(m) = 27574*m + 3005705. Calculate k(-109).
139
Let g(y) = -2*y**3 + 178*y**2 - 1240*y + 7518. Determine g(82).
-26
Let l(p) = -11*p**2 - 6301*p + 57593. Give l(9).
-7
Let i(t) = t**2 - 187*t + 5378. Give i(153).
176
Let r(s) = -56320*s - 2196471. Give r(-39).
9
Let q(p) = p**3 - 120*p**2 + 573*p + 168. Determine q(115).
-62
Let a(k) = -k**2 + 465*k - 8888. Determine a(20).
12
Let n(f) = 260*f + 4209. Determine n(-13).
829
Let l(g) = 2*g**2 - 28696*g + 200775. Calculate l(7).
1
Let l(c) = 25*c**2 + 2569*c - 515. Calculate l(-103).
103
Let j(t) = 52514*t + 14126268. Give j